t common divisor of 23853997 and 452059.
10513
Calculate the highest common divisor of 32724 and 129179.
101
What is the highest common divisor of 1051 and 206173619?
1051
Calculate the highest common divisor of 1353 and 2763024.
33
Calculate the greatest common divisor of 2576 and 4195576.
56
What is the highest common factor of 30105284 and 242?
242
What is the greatest common divisor of 10432 and 1441864096?
5216
Calculate the highest common factor of 7936533 and 15.
3
What is the greatest common divisor of 101042224 and 32?
16
What is the highest common divisor of 19065775 and 172825?
775
What is the greatest common divisor of 68 and 91465202?
34
Calculate the greatest common factor of 666900 and 1131300.
2700
What is the greatest common divisor of 155 and 40989223?
31
What is the greatest common factor of 1473 and 3393301?
491
What is the highest common factor of 142516321 and 1299?
433
Calculate the highest common factor of 30 and 72954465.
15
What is the greatest common divisor of 5524019 and 3884?
971
Calculate the greatest common divisor of 507725 and 22425.
575
Calculate the highest common factor of 37632 and 2334360.
1176
What is the greatest common divisor of 3349205 and 45?
5
What is the greatest common factor of 217724 and 3898492?
4108
Calculate the greatest common factor of 40432 and 200067644.
10108
What is the highest common factor of 94 and 88254767?
47
Calculate the highest common factor of 2166 and 1754061.
57
Calculate the greatest common factor of 28993 and 5532212.
79
What is the greatest common divisor of 780702 and 73866?
78
Calculate the highest common factor of 20512943 and 3245.
649
Calculate the highest common factor of 124963 and 6707.
19
What is the highest common factor of 45952608 and 3328?
416
What is the greatest common divisor of 30936 and 512?
8
What is the highest common divisor of 7537 and 3884336153?
7537
Calculate the greatest common factor of 88176 and 111432.
24
Calculate the highest common divisor of 495884381 and 205.
41
What is the greatest common factor of 36 and 610442724?
12
What is the greatest common divisor of 1967966 and 10010?
2002
Calculate the highest common divisor of 1211 and 1664821039.
1211
Calculate the highest common factor of 157358 and 5084.
82
What is the highest common factor of 693 and 669858?
21
What is the highest common divisor of 1367503 and 152261?
1423
Calculate the highest common divisor of 242218101 and 3.
3
Calculate the greatest common divisor of 2402285394 and 2742.
2742
Calculate the highest common divisor of 1512110 and 132610.
890
What is the greatest common factor of 3087 and 22649319?
3087
Calculate the greatest common divisor of 2079 and 941094.
693
Calculate the highest common factor of 442459 and 277111.
1531
What is the greatest common divisor of 208456 and 813944?
568
What is the greatest common factor of 7460088 and 30969?
3441
Calculate the highest common factor of 329593459 and 634.
317
Calculate the greatest common divisor of 1365132 and 96.
12
What is the highest common factor of 6348808 and 6?
2
Calculate the greatest common divisor of 1138585 and 56.
7
What is the greatest common factor of 4 and 243098918?
2
What is the greatest common factor of 41392100 and 249?
83
What is the greatest common factor of 230287 and 1464319?
547
Calculate the greatest common divisor of 56706 and 3510.
78
What is the highest common factor of 12846850 and 38?
38
Calculate the greatest common divisor of 1636 and 5596.
4
Calculate the greatest common factor of 99165 and 7013670.
9015
What is the greatest common divisor of 292 and 30092?
4
Calculate the highest common divisor of 3332845 and 300155.
865
What is the highest common factor of 18456370 and 20?
10
Calculate the greatest common factor of 441 and 408477321.
63
What is the highest common factor of 9999 and 2610648?
909
What is the greatest common factor of 1728 and 62718?
6
Calculate the greatest common divisor of 114 and 717999075.
57
What is the greatest common factor of 157487 and 96327?
1529
What is the greatest common factor of 115 and 837945?
5
What is the greatest common divisor of 1292 and 59972683?
19
Calculate the highest common factor of 345 and 606435.
15
What is the highest common factor of 42 and 62492451?
21
What is the greatest common divisor of 38012 and 7276?
68
Calculate the greatest common divisor of 51067 and 53743.
223
What is the highest common divisor of 1964910840 and 240?
120
What is the highest common divisor of 3644 and 19949989?
911
What is the greatest common divisor of 854232 and 8?
8
What is the greatest common factor of 6 and 8914236?
6
Calculate the highest common factor of 76 and 17548381.
19
What is the greatest common divisor of 95 and 15789665?
95
What is the greatest common divisor of 578340 and 720?
180
What is the greatest common divisor of 20211880 and 99640?
1880
Calculate the highest common factor of 2047 and 178664.
23
What is the greatest common factor of 2223 and 1195623?
117
Calculate the greatest common divisor of 3704876 and 53444.
1724
Calculate the highest common factor of 63870632 and 7820.
1564
What is the highest common divisor of 282161 and 5091383?
2497
Calculate the greatest common divisor of 2215509 and 885.
177
What is the highest common factor of 130334018 and 2258?
2258
What is the highest common factor of 9 and 174537162?
9
What is the highest common factor of 3120 and 67430610?
390
Calculate the highest common divisor of 123 and 3383421.
3
Calculate the greatest common factor of 3217445 and 7315.
385
Calculate the highest common divisor of 187575 and 29905.
5
What is the greatest common factor of 3187766 and 36994?
698
What is the greatest common divisor of 2978766 and 1386?
126
Calculate the highest common divisor of 3024 and 8207024.
112
What is the highest common divisor of 301618 and 77436?
478
Calculate the highest common factor of 1977 and 6427227.
1977
Calculate the highest common factor of 24843 and 9932286.
273
What is the highest common factor of 162808 and 30268?
188
Calculate the highest common divisor of 1290941 and 61070.
197
Calculate the highest common factor of 1292 and 13461044.
76
What is the highest common factor of 23976660 and 7320?
3660
What is the greatest common divisor of 2316 and 974297582?
386
Calculate the greatest common divisor of 32391 and 1601433.
549
What is the highest common divisor of 9845 and 63960101?
179
What is the highest common divisor of 49798387 and 122?
61
Calculate the highest common divisor of 90 and 1782064215.
45
What is the highest common divisor of 4452 and 327108?
12
What is the highest common factor of 296391 and 66681?
93
Calculate the greatest common factor of 180309719 and 1081.
1081
What is the highest common divisor of 444 and 2121900?
12
What is the greatest common factor of 75451 and 14244919?
383
Calculate the greatest common divisor of 15326 and 81868.
194
What is the greatest common factor of 2112 and 1032273088?
704
Calculate the highest common factor of 100096 and 12790528.
4352
What is the greatest common factor of 3764 and 58712?
4
What is the highest common factor of 6988 and 9973623?
1747
Calculate the greatest common divisor of 3311586 and 63.
9
What is the highest common factor of 285237 and 218817?
369
Calculate the highest common factor of 224161 and 40827.
31
What is the greatest common divisor of 20385843 and 10971?
69
What is the greatest common divisor of 12840 and 44040?
120
Calculate the greatest common factor of 42300083 and 151.
151
Calculate the greatest common factor of 264 and 3405071208.
264
What is the highest common divisor of 54758 and 1808686?
418
What is the highest common divisor of 110575960 and 2068?
2068
What is the highest common divisor of 7419841 and 2431?
143
What is the highest common factor of 49140 and 180900?
540
Calculate the highest common factor of 663858 and 14976.
234
Calculate the greatest common factor of 1737432 and 3413268.
2124
Calculate the greatest common factor of 2610 and 184914.
18
What is the highest common divisor of 163820466 and 646?
34
What is the highest common divisor of 6287648 and 92?
92
What is the highest common factor of 109077 and 5148867?
309
Calculate the greatest common factor of 20236954 and 3064.
766
Calculate the